t is the greatest common factor of 44 and i?
44
Let k be ((-58)/4 - 0)*-14. Let j = 42032 - 42003. Calculate the highest common factor of k and j.
29
Suppose -4991 = -56*t - 60*t - 351. Suppose 98 + 2 = 5*k. Calculate the highest common divisor of k and t.
20
Let x(f) = 4*f**3 - 7*f**2 - 12*f + 76. Let u be x(3). Calculate the highest common divisor of 155 and u.
5
Let z be ((-2)/(-4))/(8/(-6608)). Let w = -224 - z. Suppose m - 3*c + 9 = 2*m, -3*m + 3*c = -75. Calculate the greatest common divisor of m and w.
21
Let y be (2 - 4)/((-736335)/(-52596) - 14). What is the greatest common divisor of y and 72?
24
Let m(w) = 4*w**2 + 7*w - 29. Let z be m(9). Suppose -o = 2*j + 3*o - z, -o = -2*j + 373. What is the highest common divisor of 148 and j?
37
Let f(t) = t**2 - t - 3. Let j be f(-3). Let d be ((-220)/88)/(1/(-54)). What is the highest common divisor of d and j?
9
Suppose 0 = b - 0*b - 3*n - 2, 2*b = 3*n + 16. Let s be 440/b + (-12)/(-21). Let o be 2/2 - s/(-16). Calculate the greatest common divisor of 12 and o.
3
Let t be (-6)/4*26580/90. Let y = t + 444. Let s be 3/(-12) + 58/8. Calculate the highest common factor of s and y.
1
Let m(l) = 26*l**2 - 10*l + 10. Let r be m(1). Let q be (-17)/(-1) - r/(-26). Let g be 160/6 + 2/6. What is the greatest common factor of g and q?
9
Suppose 70 = 5*u + 5*j, -2*j + 80 - 192 = -5*u. Suppose -5*l + 23 = -6*r + 4*r, 5*l + r = 11. Let y = l - -2. Calculate the highest common divisor of u and y.
5
Let i = 7758 + -7554. Calculate the greatest common divisor of i and 1700.
68
Suppose -144 + 564 = 30*t. Let p(b) = 3*b**3 - 43*b**2 + 15*b + 18. Let i be p(t). Calculate the greatest common factor of i and 992.
32
Let c = 66 + -43. Let v = 44 - c. Let l be (3 - 13)*24/(-60) - -10. Calculate the greatest common divisor of l and v.
7
Let j be 9 + (0/(-4))/(-1). Let t = j - 1. Let z(s) = -2*s**3 + 15*s**2 - 5*s - 6. Let n be z(6). What is the highest common divisor of t and n?
8
Let l(y) = 19*y**2 + 73*y - 54. Let h be l(-13). What is the highest common divisor of 207 and h?
69
Let n(o) = o**2 - 8*o + 18. Let z be n(5). Suppose -c = -z*p + 161, -8*p + 10*p = 4*c + 124. Calculate the highest common factor of 1300 and p.
52
Let b = -448 + 1342. Suppose -15*h + 2394 - b = 0. What is the highest common factor of h and 650?
50
Let t be (-1 - 7/(-8)) + (-21 - 87710/(-112)). What is the highest common factor of t and 6?
6
Suppose -t = -5*b - 2, 3*t + 0*b = 5*b + 16. Suppose -4*v - 240 = -t*v. Let m = 47 + -15. What is the highest common factor of m and v?
16
Suppose -52*u + 4365 = 54*u - 101*u. What is the highest common divisor of 22407 and u?
291
Let l(b) = b**2 + 5*b - 28. Let x be l(-12). Suppose 9*h - 2*t + x = 10*h, -4*h + 280 = -6*t. Calculate the highest common factor of h and 208.
16
Suppose -3*z + 28 + 68 = 0. Let i(y) = 16*y. Let d = 308 + -298. Let u be i(d). What is the greatest common divisor of u and z?
32
Let c be 67 - ((-6)/(-18))/(14/504). Suppose 0*m = -2*m + 10. Calculate the greatest common divisor of m and c.
5
Suppose 56232 = 35*h - 24*h. Suppose -p + h = 3*p. Calculate the highest common factor of 18 and p.
18
Let j(a) be the first derivative of -a**4/4 - 4*a**3 - a**2/2 - 11*a + 23. Let k be j(-12). What is the greatest common factor of 16 and k?
1
Suppose -c + 3 = 1. Let u = -10664 - -10667. Suppose -c*z = u*b - 109, 0 = b - z - 3*z - 13. Calculate the greatest common factor of 66 and b.
33
Let q(l) = -19*l. Let x be q(-2). Suppose x + 12 = 5*k. Let f be ((-1098)/5)/(-2) - 7/(-35). What is the greatest common divisor of f and k?
10
Let p(j) = 2*j**2 + 4. Let l be p(0). Suppose 0 = -3*i + 9. Let u be (-7 + i)/(0 + l/(-22)). What is the highest common factor of 242 and u?
22
Let r be -55*2214/(-6)*2/(-45)*-3. Calculate the highest common divisor of 984 and r.
246
Suppose -3*l + 130 + 434 = -4*o, -3*l + 567 = -3*o. Let f = -332 + 356. Calculate the greatest common divisor of l and f.
24
Let k be 112/80 + 6/10 + 0. Let t be (-1 - 0) + 16/1. Let o be t - 4/(1 - k). What is the greatest common divisor of o and 209?
19
Let a = -40390 - -40416. What is the greatest common divisor of 9386 and a?
26
Let b be (4 - -26) + -36 - 1232/(-2). Calculate the highest common divisor of 80 and b.
10
Let l(g) = -g**3 + 2*g**2 + 4*g - 8. Let c be l(2). Suppose -3*w - 5*u + 64 = c, 3*w + 4*u - 49 = 13. What is the highest common divisor of w and 18?
18
Let s be -2 - (-1 + -2 - -3). Suppose 5*p + 4*b - 559 = -169, 3*b = 4*p - 343. Let w = p + s. What is the greatest common factor of 20 and w?
20
Let b = -75 - -75. Suppose 5*n + 4*q - 290 = b, -5*q - 114 + 31 = -2*n. What is the greatest common factor of 144 and n?
18
Suppose -200 = -4*g - 44. Suppose 13 = -a + g. Let h = -13 + a. What is the highest common divisor of h and 104?
13
Suppose -5*g = 4*u - 9699, 7754 = 4*g + 20*u - 22*u. Calculate the greatest common divisor of g and 7.
7
Suppose 4*r = 2*a - 968, -r - 596 = -2*a + 372. Suppose 0 = 18*j - 14*j - a. Suppose -2*b = -3 - 19. Calculate the greatest common divisor of j and b.
11
Let m be -3*(0 - (-79)/3). Let p = -77 - m. Suppose -2*c + 3*i + 21 = 0, -c + 3*i + 57 = 3*c. What is the greatest common factor of c and p?
2
Let v(y) = -2*y**3 - 39*y**2 - 61*y - 113. Let a be v(-18). Let x = -67 - -197. Calculate the greatest common factor of x and a.
13
Let r = -263 + 527. Let j be (-3 - -1)/(4/(-66)). Calculate the greatest common factor of j and r.
33
Suppose 0*o + 45 = 3*o. Suppose -105 = -3*m - o. Suppose 300 = -9*i + 19*i. Calculate the greatest common divisor of m and i.
30
Let d be 49*7 - (-4)/(-2). Let v(k) = 348*k - 15279. Let s be v(44). What is the highest common divisor of d and s?
11
Let d(s) = -28*s**3 + 20*s**2 + 2*s + 24. Let u be d(-2). Calculate the greatest common divisor of 666 and u.
18
Suppose -497 = 5*v - 8*v + 5*t, -3*v + 4*t = -496. Let p = v + -125. What is the highest common divisor of 52 and p?
13
Let h be 9/3 + 2*6/4. Let z be h + 4/(-8) + (-6)/4. Suppose z*m = -5 + 13. What is the highest common factor of m and 18?
2
Let t = 7700 - 5924. Calculate the greatest common divisor of 80 and t.
16
Suppose 237*b + 9000 = 252*b. Calculate the highest common factor of b and 280.
40
Let s(l) = 112*l**3 + 3*l**2 + 17*l - 17. Let w be s(1). What is the highest common factor of w and 8165?
115
Let f be 14018 - 45/(-90)*0/(-2). What is the highest common divisor of 86 and f?
86
Let h(l) = 14*l**2 + 3*l + 3. Let t be h(-4). Suppose -2*u = 17*u - 1330. Suppose u*n = 76*n - 516. Calculate the greatest common factor of n and t.
43
Let n(c) = -13*c**2 + 3*c - 2. Let w(j) = 4*j - 3. Let o be w(1). Let r be n(o). Let i be 2/(-12) - 1/r*98. Calculate the highest common factor of i and 64.
8
Let j be (-154)/(-66) - (-1456)/6. Calculate the highest common divisor of 315 and j.
35
Let k(b) be the second derivative of -b**3 + 93*b**2/2 + 3*b. Let v be k(13). Calculate the greatest common factor of 30 and v.
15
Suppose 2*f - 5*s - 49 = 0, -31*f + 26*f = -2*s - 91. Suppose f = -11*l + 116. Calculate the greatest common divisor of 801 and l.
9
Let p = -113 + 199. Let w be (-74820)/(-261)*(-9)/(-12). What is the greatest common factor of p and w?
43
Suppose 388 = -b + 3*i, 0 = 3*b - 4*i + 937 + 237. Let g = 579 + b. Calculate the highest common divisor of 111 and g.
37
Let h = -1065 + 1863. Suppose -4*p + 2 = -h. What is the greatest common factor of p and 40?
40
Let b(u) = -u**2 + 7*u + 4. Let j be b(7). Suppose -8*s + 32 = -j*s. Let v(o) = -9*o - 109. Let p be v(-13). What is the highest common divisor of p and s?
8
Let b(c) = -231*c**3 - c**2 - 2*c - 1. Let d be b(-1). Let r = d + -219. Calculate the highest common divisor of r and 12.
12
Suppose -48 = -5*i + 4*m, 3*i - 18 = -3*m - 0*m. Suppose -4*h = -12, -1137 = -3*k + i*h - 3*h. Calculate the highest common factor of k and 6.
6
Suppose -4*d - 11 = a, 0*d = -3*d + 15. Let f = a - -67. Calculate the highest common factor of 9 and f.
9
Let h(q) = 3*q**2 + 19*q - 20. Let m(k) = 10*k**2 + 58*k - 58. Let y(u) = -14*h(u) + 4*m(u). Let t be y(-14). Calculate the highest common factor of t and 12.
12
Let v be 1 - -37*(-12 - -15). What is the greatest common divisor of v and 322?
14
Suppose -11*i + 0*i = -47094 - 70683. Calculate the greatest common factor of 249 and i